43
Let s(k) = -2*k**3 + 35*k**2 + 17*k + 38. What is s(18)?
20
Let c(f) = -4*f - 7. Calculate c(-6).
17
Let s(x) = x**2 + 7*x + 8. What is s(-5)?
-2
Let y(x) = -2*x**2 + 18*x + 7. Calculate y(9).
7
Let r(s) = s + 3. What is r(-9)?
-6
Let t(z) = z**3 + 8*z**2 + 12*z + 19. Calculate t(-7).
-16
Let z(i) = -i**3 - 2*i**2 + 4*i + 1. Determine z(2).
-7
Let c(m) = 4*m - 137. Calculate c(26).
-33
Let d(l) = 2*l**3 + 2*l**2 - l + 9. Give d(0).
9
Let d(m) = m**2 + 13*m - 6. Calculate d(-15).
24
Let s(u) = 8*u + 4. Determine s(-5).
-36
Let w(j) = j**2 - 16*j - 506. What is w(-16)?
6
Let i(o) = -4*o - 32. What is i(-8)?
0
Let g(d) = 5*d + 13. What is g(-4)?
-7
Let d(u) = u**3 - 4*u**2 - 11*u - 12. Give d(6).
-6
Let t(i) = 10*i - 29. Give t(10).
71
Let i(h) = 2*h**2 + 45*h + 58. Calculate i(-21).
-5
Let h(w) = w**2 + 83*w + 842. Calculate h(-71).
-10
Let s(b) = -b**3 - 16*b**2 - 17*b - 30. Give s(-15).
0
Let t(f) = -2*f**3 + 93*f**2 - 46*f + 4. What is t(46)?
4
Let g(r) = -3*r**3 - 3*r**2 + 7*r - 5. Give g(3).
-92
Let v(q) = -8*q - 1. Give v(-2).
15
Let w(a) = a - 4. Calculate w(9).
5
Let t(m) = -m**2 - 2*m + 17. Determine t(5).
-18
Let j(f) = 25*f**3 + f**2 - f + 1. Calculate j(1).
26
Let n(p) = 5*p**2 - 7*p + 6. Give n(-4).
114
Let x(d) = d**3 - d**2 + 2*d + 2. Determine x(0).
2
Let x(k) = -k**3 - 19*k**2 + 19*k - 23. Give x(-20).
-3
Let v(k) = k**3 - 6*k**2 - 6*k - 1. Give v(7).
6
Let s(r) = -r**3 - r + 24. Give s(0).
24
Let t(b) = 4*b**2 - b + 2. Give t(1).
5
Let f(w) = -w**2 - 16*w + 17. Calculate f(-17).
0
Let k(c) = c**2 + 11*c + 12. Calculate k(-9).
-6
Let h(v) = v**2 + 5*v + 1. Determine h(-6).
7
Let v(p) = -p**3 + 6*p**2 - 23*p + 88. Calculate v(5).
-2
Let d(p) = p**3 + 5*p**2 - 16*p - 8. Calculate d(-7).
6
Let l(s) = -2*s - 4. Calculate l(2).
-8
Let x(p) = 2*p**3 + 16*p**2 + 15*p + 7. What is x(-7)?
0
Let h(y) = 8*y - 1. Give h(12).
95
Let l(a) = -2*a**3 + 11*a**2 - 5*a + 4. Calculate l(6).
-62
Let b(a) = -3*a + 115. Give b(39).
-2
Let f(n) = -n + 4. Determine f(7).
-3
Let n(q) = 3*q + 1. Calculate n(-10).
-29
Let v(x) = 4*x + 6. Determine v(-9).
-30
Let c(l) = 10*l + 3. Determine c(-3).
-27
Let f(t) = -12*t**2 + 2. What is f(-1)?
-10
Let x(w) = -w + 10. Give x(7).
3
Let s(t) = -t**2 + 13*t - 5. Determine s(16).
-53
Let n(g) = -g**2 - 18*g - 17. Give n(-17).
0
Let b(q) = q**3 - q**2 - q - 1. What is b(2)?
1
Let o(m) = -m**3 + 8*m**2 - 8*m + 9. Give o(7).
2
Let q(p) = p**2 - 7*p - 6. Determine q(8).
2
Let p(o) = -20*o - 1. Determine p(-1).
19
Let b(c) = -2*c + 21. What is b(10)?
1
Let l(h) = -h**3 - 6*h**2 - 2*h - 5. Give l(-6).
7
Let u(v) = -3*v - 49. Determine u(-18).
5
Let m(r) = -r**3 + 9*r**2 - 10*r + 3. Give m(8).
-13
Let r(u) = -u - 16. Determine r(8).
-24
Let p(g) = g**2 - 3*g. What is p(3)?
0
Let s(r) = -2*r**2 - 9*r + 6. Determine s(-9).
-75
Let y(g) = -19*g + 9. Calculate y(1).
-10
Let g(o) = -3*o**3 - 3*o**2 + 9*o - 1. Determine g(-4).
107
Let a(b) = b**2 + 7*b - 8. Calculate a(-9).
10
Let w(d) = 17*d + 10. Calculate w(-3).
-41
Let h(n) = n**3 + 13*n**2 + 22*n - 16. Determine h(-11).
-16
Let p(w) = w**2 + w - 17. Calculate p(4).
3
Let o(p) = 3*p**3 - 9*p**2 - 10*p - 4. Give o(4).
4
Let x(q) = q**3 + 7*q**2 + 7*q - 2. What is x(-6)?
-8
Let i(t) = -t**2 - 4*t + 8. Determine i(-8).
-24
Let k(h) = h**3 + 2*h**2 + 4*h - 10. Calculate k(0).
-10
Let v(l) = -2*l - 24. Calculate v(-13).
2
Let x(l) = -l**3 + l**2 + 2*l - 5. Calculate x(0).
-5
Let f(b) = 7*b + 57. Give f(-8).
1
Let s(a) = -5*a + 11. What is s(-5)?
36
Let c(o) = -4*o - 36. Give c(-6).
-12
Let f(x) = x**2 + 13*x - 16. Determine f(-14).
-2
Let o(n) = 2*n - 5. Give o(7).
9
Let z(t) = t**2 + 7*t - 5. What is z(-7)?
-5
Let u(b) = -3*b**2 - 8*b - 8. What is u(-5)?
-43
Let y(m) = 2*m**2 + 7*m - 1. Determine y(-6).
29
Let p(s) = 2*s + 5. Calculate p(-2).
1
Let l(h) = -8*h**2 - 4*h + 4. Determine l(3).
-80
Let p(i) = i**3 - 9*i - 2. What is p(3)?
-2
Let i(o) = -o - 1. Determine i(-8).
7
Let x(b) = -34*b - 2. Calculate x(1).
-36
Let r(v) = -v**3 + 45*v**2 - 161*v - 121. Give r(41).
2
Let s(l) = -3*l**2 + 6*l - 6. Give s(4).
-30
Let u(t) = 2*t**2 - 14*t - 9. What is u(10)?
51
Let m(j) = -j + 25. Calculate m(29).
-4
Let f(k) = -19*k**2 - 2*k + 3. What is f(2)?
-77
Let c(j) = -j**3 - 5*j**2 + 5*j. Determine c(-6).
6
Let w(v) = -v**3 - 18*v**2 + 33. Give w(-18).
33
Let r(w) = -w**2 - 13*w + 16. What is r(-13)?
16
Let k(i) = -5*i - 31. Give k(0).
-31
Let q(x) = x**2 + 6*x + 2. What is q(-4)?
-6
Let q(p) = -2*p**3 - 56*p**2 + 59*p + 39. Determine q(-29).
10
Let t(l) = 2*l**2 - 121*l + 293. Determine t(58).
3
Let q(g) = g**3 - g**2 - 2*g - 5. Determine q(4).
35
Let g(i) = 3*i**3 + 1. Give g(-1).
-2
Let d(u) = -u**3 - 10*u**2 - 2*u - 16. Determine d(-10).
4
Let z(q) = -3*q**2 + 10*q - 6. Calculate z(3).
-3
Let y(t) = -9*t**3 + t**2 + t. What is y(-1)?
9
Let s(k) = -k**3 - k**2 + 4. What is s(3)?
-32
Let c(l) = -l**3 + 17*l**2 - 20*l + 52. Calculate c(16).
-12
Let q(a) = 2*a**3 + 17*a**2 + 8*a + 4. Calculate q(-8).
4
Let c(m) = m**3 - 11*m**2 - 13*m + 9. Determine c(12).
-3
Let g(q) = 4*q - 92. Give g(26).
12
Let h(m) = -m**3 - 6*m**2 + 11*m + 1. Give h(-8).
41
Let t(s) = s - 7. Calculate t(12).
5
Let q(f) = -f**2 - 19*f - 9. Determine q(-13).
69
Let t(g) = 12*g**2 - g. Determine t(1).
11
Let t(i) = -4*i + 22. What is t(14)?
-34
Let h(u) = -2*u**2 - 2*u - 4. Calculate h(0).
-4
Let l(o) = -6*o**3 + o**2 - 3*o + 2. Give l(1).
-6
Let n(q) = -9*q**2 + q + 2. Give n(-2).
-36
Let g(l) = 40*l + 391. Give g(-10).
-9
Let c(l) = 27*l + 86. Calculate c(-4).
-22
Let d(m) = m**3 + 14*m**2 - 17*m - 19. Give d(-15).
11
Let i(c) = -c**2 + 3*c + 7. What is i(-6)?
-47
Let s(l) = -2*l + 40. Give s(-10).
60
Let v(z) = 13*z**2 - 4*z + 3. Calculate v(2).
47
Let q(w) = w**3 - 7*w**2 + 2*w - 3. Calculate q(8).
77
Let o(s) = -16*s**2 + 22*s - 4. Calculate o(3).
-82
Let b(f) = 4*f + 24. Give b(-9).
-12
Let c(k) = k**2 + 7*k - 2. What is c(-5)?
-12
Let a(h) = h**2 + 17*h - 39. Give a(-19).
-1
Let q(v) = 3*v**2 - 9*v - 4. What is q(4)?
8
Let l(p) = -p - 22. Calculate l(-23).
1
Let f(l) = -2*l + 38. Give f(15).
8
Let z(k) = k**3 + 18*k**2 + 5*k - 202. Calculate z(-17).
2
Let k(s) = s**3 - 12*s**2 - s - 9. What is k(12)?
-21
Let u(q) = -15*q**2 + 12*q + 8. Calculate u(1).
5
Let o(c) = 6*c - 27. Determine o(7).
15
Let v(s) = -2*s**2 - 29*s + 6. Calculate v(-14).
20
Let p(n) = -n**2 + 5*n + 18. Determine p(6).
12
Let j(z) = -z**2 - 3*z + 10. Give j(-7).
-18
Let n(o) = -o**3 + 28*o**2 - 27*o + 23. What is n(27)?
23
Let r(d) = -4*d + 5. What is r(6)?
-19
Let d(t) = t**2 + 21*t + 46. Calculate d(-18).
-8
Let c(u) = u**2 - 12*u + 37. Give c(6).
1
Let l(b) = 109*b - 869. Determine l(8).
3
Let n(x) = x + 42. Give n(8).
50
Let w(j) = -j**3 - 15*j**2 - 13*j - 18. What is w(-15)?
177
Let w(p) = -2*p**2 - 47*p + 12. Calculate w(-26).
-118
Let g(l) = -l**2 - 7*l + 13. What is g(-8)?
5
Let q(w) = -24*w. What is q(5)?
-120
Let d(a) = -a**3 + 20*a**2 - 20*a + 14. What is d(19)?
-5
Let v(a) = 2*a + 85. Calculate v(-46).
-7
Let c(v) = -v**3 + 10*v**2 + 9*v + 35. Calculate c(11).
13
Let p(t) = 5*t - 22. Calculate p(5).
3
Let a(u) = -u**2 - 14*u + 43. What is a(-15)?
28
Let m(s) = s**2 - 15*s - 11. Determine m(12).
-47
Let k(r) = 2*r**2 - 2*r - 21. Give k(-6).
63
Let i(k) = 12*k**2 - k + 2. Give i(1).
13
Let a(d) = -d**3 + 8*d**2 - 6*d + 1. Determine a(7).
8
Let w(k) = 2*k**3 + 12*k**2 + 11*k - 2. Give w(-5).
-7
Let s(c) = -c**3 + 20*c**2 + c - 19. Give s(20).
1
Let s(x) = 2*x. Determine s(3).
6
Let p(v) = -3*v + 32. What is p(9)?
5
Let v(z) = -z**2 - 5*z + 5. Determine v(-4).
9
Let f(r) = 2*r + 3. Give f(2).
7
Let d(n) = -n + 9. What is d(-14)?
23
Let h(x) = -x**3 + x**2 - 4*x + 10. Determine h(3).
-20
Let u(g) = g**2 + 8*g - 2. Calculate u(-7).
-9
Let g(j) = -18*j**2 - 292*j - 68. Give g(-16).
-4
Let j(u) = u**3 - 5*u**2 - 5*u + 6. Give j(6).
12
Let y(i) = 10*i**3 - 2*i**2 + 2*i - 1. Determine y(1).
9
Let t(s) = s**2 - s - 116. Determine t(11).
-6
Let a(t) = 2*t**2 + 15*t - 79. Determine a(4).
13
Let s(j) = 7*j + 13. Calculate s(-2).
-1
Let h(t) = -4*t**3 - 8*t**2 - t - 10. What is h(-2)?
-8
Let i(u) = u**3 + 32*u**2 - 34*u - 41. Determine i(-33).
-8
Let u(x) = -x - 5. Give u(-4).
-1
Let a(d) = 3*d - 7. What is a(5)?
8
Let d(t) = 2*t + 28. 